it of 38657487?
7
What is the hundred thousands digit of 487390?
4
What is the thousands digit of 59841?
9
What is the ten thousands digit of 382001?
8
What is the units digit of 549858?
8
What is the units digit of 1481160?
0
What is the units digit of 5246435?
5
What is the units digit of 1123311?
1
What is the ten thousands digit of 49068?
4
What is the millions digit of 1305208?
1
What is the hundreds digit of 21898040?
0
What is the units digit of 2836380?
0
What is the thousands digit of 1232480?
2
What is the thousands digit of 7599330?
9
What is the units digit of 104450?
0
What is the hundred thousands digit of 245318?
2
What is the hundred thousands digit of 207700?
2
What is the units digit of 1011801?
1
What is the tens digit of 1114700?
0
What is the millions digit of 9079634?
9
What is the thousands digit of 6606944?
6
What is the ten thousands digit of 220556?
2
What is the thousands digit of 8729888?
9
What is the hundreds digit of 1860937?
9
What is the units digit of 3104216?
6
What is the ten thousands digit of 702698?
0
What is the hundred thousands digit of 14681811?
6
What is the ten thousands digit of 1767986?
6
What is the millions digit of 1236840?
1
What is the hundred thousands digit of 1427724?
4
What is the hundreds digit of 2790742?
7
What is the ten thousands digit of 1317685?
1
What is the units digit of 124307?
7
What is the ten thousands digit of 383065?
8
What is the hundreds digit of 90160?
1
What is the ten thousands digit of 164354?
6
What is the ten thousands digit of 4889300?
8
What is the ten thousands digit of 256352?
5
What is the units digit of 8974197?
7
What is the hundreds digit of 330233?
2
What is the tens digit of 85779?
7
What is the millions digit of 31050757?
1
What is the thousands digit of 3262093?
2
What is the hundreds digit of 6606969?
9
What is the ten thousands digit of 175706?
7
What is the thousands digit of 937746?
7
What is the hundreds digit of 14096157?
1
What is the units digit of 57182?
2
What is the units digit of 410936?
6
What is the millions digit of 1792931?
1
What is the tens digit of 1647551?
5
What is the thousands digit of 1128916?
8
What is the hundred thousands digit of 3417941?
4
What is the tens digit of 803969?
6
What is the hundreds digit of 495693?
6
What is the thousands digit of 7643026?
3
What is the ten thousands digit of 3555160?
5
What is the ten thousands digit of 71087?
7
What is the thousands digit of 1344169?
4
What is the thousands digit of 790164?
0
What is the ten thousands digit of 11778756?
7
What is the thousands digit of 249543?
9
What is the ten thousands digit of 879873?
7
What is the units digit of 603515?
5
What is the thousands digit of 209981?
9
What is the tens digit of 9409437?
3
What is the hundred thousands digit of 5818773?
8
What is the tens digit of 11309?
0
What is the units digit of 1364734?
4
What is the thousands digit of 252653?
2
What is the thousands digit of 57604?
7
What is the hundred thousands digit of 103673?
1
What is the units digit of 9045?
5
What is the thousands digit of 1689437?
9
What is the hundreds digit of 5911086?
0
What is the tens digit of 97791?
9
What is the units digit of 4848739?
9
What is the thousands digit of 447548?
7
What is the ten millions digit of 20143080?
2
What is the hundreds digit of 1459072?
0
What is the millions digit of 5220219?
5
What is the ten thousands digit of 159610?
5
What is the units digit of 721700?
0
What is the hundred thousands digit of 613979?
6
What is the tens digit of 1903025?
2
What is the hundred thousands digit of 8658884?
6
What is the ten thousands digit of 2533429?
3
What is the tens digit of 70974?
7
What is the thousands digit of 85162?
5
What is the millions digit of 23856778?
3
What is the ten thousands digit of 6388843?
8
What is the tens digit of 2044838?
3
What is the ten thousands digit of 6201861?
0
What is the thousands digit of 7304025?
4
What is the ten thousands digit of 354212?
5
What is the units digit of 12888656?
6
What is the units digit of 8579360?
0
What is the hundred thousands digit of 3501397?
5
What is the hundreds digit of 2283092?
0
What is the thousands digit of 9878117?
8
What is the ten millions digit of 18211431?
1
What is the tens digit of 2001311?
1
What is the millions digit of 2434807?
2
What is the millions digit of 1122808?
1
What is the ten thousands digit of 463427?
6
What is the thousands digit of 545711?
5
What is the hundred thousands digit of 3052354?
0
What is the thousands digit of 293981?
3
What is the thousands digit of 1699374?
9
What is the millions digit of 6090619?
6
What is the tens digit of 29757099?
9
What is the hundred thousands digit of 297592?
2
What is the units digit of 4501437?
7
What is the tens digit of 7100248?
4
What is the hundreds digit of 35811?
8
What is the thousands digit of 11379794?
9
What is the thousands digit of 2999215?
9
What is the hundred thousands digit of 27862519?
8
What is the tens digit of 156917?
1
What is the ten thousands digit of 51609?
5
What is the tens digit of 7231897?
9
What is the hundreds digit of 652310?
3
What is the ten thousands digit of 11895218?
9
What is the tens digit of 2459578?
7
What is the ten thousands digit of 1008644?
0
What is the hundreds digit of 343796?
7
What is the hundreds digit of 5663337?
3
What is the ten thousands digit of 2021748?
2
What is the tens digit of 4312082?
8
What is the hundreds digit of 435639?
6
What is the units digit of 143604?
4
What is the hundred thousands digit of 468310?
4
What is the thousands digit of 3818305?
8
What is the ten millions digit of 12062494?
1
What is the units digit of 7895311?
1
What is the thousands digit of 26794?
6
What is the hundreds digit of 404692?
6
What is the millions digit of 2838097?
2
What is the units digit of 176381?
1
What is the units digit of 1414191?
1
What is the millions digit of 2790087?
2
What is the hundred thousands digit of 129038?
1
What is the thousands digit of 4497785?
7
What is the ten thousands digit of 40613?
4
What is the hundred thousands digit of 16804281?
8
What is the thousands digit of 938346?
8
What is the millions digit of 1549026?
1
What is the hundred thousands digit of 11177053?
1
What is the hundred thousands digit of 333887?
3
What is the units digit of 8047881?
1
What is the millions digit of 24592108?
4
What is the thousands digit of 342339?
2
What is the tens digit of 227221?
2
What is the hundreds digit of 38262287?
2
What is the units digit of 716314?
4
What is the units digit of 84930?
0
What is the ten thousands digit of 2839048?
3
What is the units digit of 5873065?
5
What is the ten millions digit of 17216707?
1
What is the hundreds digit of 53027?
0
What is the hundreds digit of 1683?
6
What is the hundreds digit of 33304?
3
What is the ten thousands digit of 720539?
2
What is the thousands digit of 418117?
8
What is the hundred thousands digit of 1154548?
1
What is the units digit of 3151693?
3
What is the hundreds digit of 8020079?
0
What is the hundred thousands digit of 658232?
6
What is the hundreds digit of 721180?
1
What is the hundreds digit of 28482827?
8
What is the thousands digit of 961156?
1
What is the units digit of 820368?
8
What is the hundred thousands digit of 2315868?
3
What is the units digit of 1375248?
8
What is the ten thousands digit of 1383108?
8
What is the units digit of 432108?
8
What is the hundreds digit of 1450238?
2
What is the units digit of 4168152?
2
What is the ten thousands digit of 73507?
7
What is the hundred thousands digit of 11702017?
7
What is the tens digit of 650659?
5
What is the units digit of 262344?
4
What is the ten thousands digit of 3594217?
9
What is the units digit of 49739?
9
What is the hundred thousands digit of 3441831?
4
What is the tens digit of 453085?
8
What is the tens digit of 105985?
8
What is the units digit of 187832?
2
What is the hundreds digit of 233643?
6
What is the ten thousands digit of 418489?
1
What is the hundred thousands digit of 4968892?
9
What is the hundreds digit of 469368?
3
What is the ten millions digit of 31395741?
3
What is the ten thousands digit of 424188?
2
What is the units digit of 1584198?
8
What is the units digit of 16668380?
0
What is the ten thousand